3?
78abc
-a64616 (base 11) to base 7
-20326110
What is -20221020 (base 5) in base 6?
-3302421
What is -5554222 (base 8) in base 4?
-11231202102
Convert 229a3 (base 12) to base 7.
252060
What is 310936a (base 12) in base 6?
525402214
What is 21342403 (base 6) in base 12?
267a03
172053 (base 8) to base 16
f42b
What is 328254 (base 12) in base 3?
1111202100001
-baa5c (base 13) to base 14
-8b204
What is -2010133 (base 5) in base 4?
-13302232
Convert -74bb (base 15) to base 9.
-36785
What is -49770 (base 10) in base 12?
-24976
32230043 (base 5) to base 7
2220113
Convert -1f28a (base 16) to base 12.
-61a36
231203331 (base 4) to base 11
118236
Convert -1040412142 (base 5) to base 3.
-11021210021011
What is 90905 (base 10) in base 13?
324b9
What is 943a3 (base 11) in base 6?
2540521
Convert 2853424 (base 9) to base 16.
17f734
-108996c (base 13) to base 11
-2958205
Convert 2122000021 (base 3) to base 15.
10511
Convert 100000111001010111010 (base 2) to base 10.
1077946
What is -1457455 (base 8) in base 12?
-1817a5
Convert 352065 (base 8) to base 4.
131100311
What is -11011000001001111 (base 2) in base 14?
-2c491
74919 (base 16) to base 12
1b0389
624543 (base 8) to base 9
345205
What is 90a021 (base 13) in base 10?
3363634
What is 8c33 (base 15) in base 13?
10704
ab353 (base 16) to base 11
439966
What is 1001111110111111 (base 2) in base 5?
2302040
-390a6a (base 11) to base 10
-616208
What is 1a73352 (base 11) in base 7?
41440633
What is -a51543 (base 12) in base 14?
-4b7735
143468 (base 11) to base 4
312232212
Convert 147207 (base 12) to base 2.
1010100000001100111
Convert -2745461 (base 9) to base 7.
-15543052
Convert 110000011100010100110101 (base 2) to base 14.
1987c69
131132221 (base 4) to base 5
12330440
Convert 2179b (base 16) to base 9.
228070
-10677482 (base 9) to base 15
-6c75cb
-1343565 (base 9) to base 10
-737483
-122309 (base 11) to base 13
-6a025
What is 9e36a (base 16) in base 12?
273036
What is 6520060 (base 7) in base 12?
323b31
Convert 3772067 (base 8) to base 10.
1045559
-122240203 (base 6) to base 13
-645390
What is -1132122231 (base 4) in base 13?
-107049
1003320301 (base 4) to base 8
1037061
What is -7d105 (base 14) in base 15?
-60490
What is 1034753 (base 8) in base 12?
11434b
What is -21194 (base 11) in base 15?
-920c
What is 1047faf (base 16) in base 10?
17072047
Convert -57e705 (base 16) to base 3.
-101211200021222
-122220112010220 (base 3) to base 16
-913890
2457247 (base 8) to base 16
a5ea7
1c197d (base 16) to base 8
7014575
-157032 (base 8) to base 14
-16a14
Convert -105073 (base 8) to base 13.
-13151
What is 11567136 (base 9) in base 11?
3212127
319d0 (base 15) to base 8
463436
What is e90a (base 15) in base 10?
49285
-6648b (base 16) to base 9
-707625
What is -111111100011110100 (base 2) in base 12?
-1067b0
What is 139ffe (base 16) in base 5?
312124032
What is -33507252 (base 8) in base 5?
-3323323412
Convert 27b314 (base 12) to base 7.
5425552
Convert 413245 (base 6) to base 8.
100575
Convert 2140252 (base 6) to base 10.
106376
Convert -3120133233 (base 4) to base 7.
-10352220
1263345 (base 9) to base 7
5606450
Convert 4050200 (base 7) to base 4.
1311312023
What is 8c46a1 (base 16) in base 2?
100011000100011010100001
Convert -16aa2a5 (base 11) to base 4.
-23003200120
Convert -3304305 (base 6) to base 12.
-7b095
Convert 27b599 (base 15) to base 13.
51c09c
What is 10010010100110100111100 (base 2) in base 9?
10031636
-18aa2b8 (base 15) to base 13
-3965ab0
Convert 1026bd (base 15) to base 4.
2323122211
Convert 1b41d8 (base 16) to base 7.
21116645
Convert -1001011011010111 (base 2) to base 11.
-27015
-8b30 (base 14) to base 7
-130260
61820 (base 13) to base 3
22212222022
What is -2b165 (base 12) in base 15?
-12ebb
What is -be62c (base 15) in base 5?
-123334032
What is -1110011101011010100 (base 2) in base 6?
-14053324
What is 13321215 (base 7) in base 11?
771821
Convert d4ff (base 16) to base 6.
1100235
What is -a4d015 (base 15) in base 14?
-10812a5
-3301010 (base 5) to base 10
-56380
-c9b67d (base 14) to base 13
-1552396
-363621 (base 7) to base 5
-4104130
What is 2c2f15 (base 16) in base 14?
555393
2122020011 (base 3) to base 16
cad5
Convert -1e1cb (base 16) to base 13.
-441a8
Convert -410002401 (base 6) to base 12.
-2416401
Convert 1111221211202 (base 3) to base 6.
25140115
Convert 12507 (base 13) to base 9.
51333
301320120201 (base 4) to base 12
4467169
What is -144757 (base 12) in base 10?
-339763
What is -1101101111010101000 (base 2) in base 5?
-103401331
-8985bc (base 14) to base 13
-c77381
-401444014 (base 5) to base 4
-12011010202
-1191 (base 16) to base 9
-6146
572604 (base 8) to base 3
100212000101
What is 523572 (base 8) in base 16?
2a77a
Convert 110100210121112 (base 3) to base 6.
352453322
What is 2322201223 (base 4) in base 10?
764011
Convert 324213430 (base 5) to base 9.
2560612
What is 1030103123 (base 4) in base 2?
1001100010011011011
-113466256 (base 7) to base 2
-11010110011000111100010
What is 2025c1 (base 15) in base 2?
101110100110000010110
Convert 10110011111101101110 (base 2) to base 6.
23444354
What is 22011133 (base 4) in base 8?
120537
Convert 35cb7 (base 14) to base 6.
2452413
What is -375327 (base 9) in base 7?
-1633525
Convert -72449 (base 12) to base 6.
-3110533
What is 10101122200001 (base 3) in base 10?
1804033
Convert 21423647 (base 8) to base 2.
10001100010011110100111
-1b57b (base 12) to base 13
-155cc
Convert -1202a (base 13) to base 4.
-20003133
What is -a606 (base 11) in base 7?
-55640
6564515 (base 8) to base 10
1763661
61354 (base 13) to base 2
101010100000111011
Convert -4dcb7 (base 16) to base 8.
-1156267
-18df89 (base 16) to base 14
-3060ad
Convert 415150 (base 11) to base 16.
a284c
Convert -140521540 (base 7) to base 13.
-1b84091
What is 5226163 (base 9) in base 2?
1010101001110111101001
-344b59 (base 13) to base 15
-1970e9
What is -199a6 (base 15) in base 8?
-242355
What is 4304411 (base 5) in base 14?
1c5b3
Convert 1111000101111110110000 (base 2) to base 7.
45426304
What is -1010002112 (base 3) in base 11?
-15534
What is -196143 (base 12) in base 10?
-446019
What is 1010011001010101100001 (base 2) in base 12?
ab5115
2392a2 (base 11) to base 15
7718d
188301 (base 9) to base 3
12222100001
What is 2926713 (base 10) in base 12?
b91849
644282 (base 9) to base 6
12120202
Convert 45145534 (base 6) to base 16.
14dce2
What is -7a146 (base 14) in base 5?
-33442420
What is 24310 (base 15) in base 10?
115440
Convert -56a287 (base 11) to base 8.
-3352774
Convert 385b84 (base 13) to base 10.
1355319
-1b42489 (base 12) to base 15
-79b82c
Convert 145620401 (base 7) to base 9.
20314612
What is 133300003 (base 4) in base 14?
35575
What is 3311133 (base 5) in base 4?
31323103
What is 10223221 (base 4) in base 2?
100101011101001
-297a9 (base 16) to base 5
-20414042
1134424420 (base 5) to base 16
288309
Convert -11647811 (base 9) to base 14.
-a85737
100110111101 (base 2) to base 16
9bd
What is 173515 (base 11) in base 4?
1001131320
-4826a (base 11) to base 6
-1253522
-1320313031 (base 4) to base 10
-495053
2000122001 (base 3) to base 10
39826
Convert -1326677 (base 8) to base 11.
-234677
What is -15280515 (base 9) in base 6?
-431044535
What is -1112022211210 (base 3) in base 7?
-6625401
-24134432 (base 5) to base 6
-4450423
What is -210210134 (base 5) in base 2?
-11010011011111110110
100000110001010100011000 (base 2) to base 13
1a1a208
-3290837 (base 10) to base 6
-154311205
Convert -168451 (base 9) to base 11.
-71667
338864 (base 11) to base 7
4402510
Convert 253210 (base 11) to base 7.
3252610
What is 33224052 (base 6) in base 12?
402028
2402024430 (base 5) to base 7
64523265
716144 (base 12) to base 4
12300321010
What is -4555512 (base 9) in base 8?
-11300423
-1613410 (base 7) to base 6
-4432204
Convert -16722135 (base 8) to base 5.
-2000034301
What is 710ed (base 16) in base 8?
1610355
97885 (base 10) to base 16
17e5d
552151 (base 10) to base 6
15500131
-12454525 (base 7) to base 5
-242432320
-7b9bb (base 14) to base 6
-10241345
What is -15560050 (base 7) in base 5?
-341312024
What is 35616c (base 13) in base 14?
250c33
-3013330220 (base 4) to base 2
-11000111111100101000
Convert -24a26 (base 14) to base 6.
-1531430
Convert -4ad8e (base 15) to base 16.
-3a6cd
What is -111111001110001 (base 2)